36, -5*m = -4*d + 53. What is the greatest common factor of 12 and d?
12
Let i be 148 - (2/(-6) - 5/(-15)). Let n = -94 + i. What is the greatest common factor of n and 27?
27
Let f = 458 + -437. Let i be 4*414/32*(f + -17). Calculate the greatest common divisor of 23 and i.
23
Let m be 25/((-2500)/(-5040))*(-25)/(-2). Calculate the greatest common factor of 798 and m.
42
Suppose -a + 20 - 15 = 0. Suppose -479 = -a*f - 4*z + 101, 137 = f + 5*z. Calculate the highest common divisor of f and 16.
16
Let t(r) = -r**3 + 18*r**2 + 15*r - 26. Let l be t(18). Suppose -l - 212 = -8*v. Calculate the highest common factor of v and 247.
19
Let h = 24395 + -23692. What is the greatest common divisor of 209 and h?
19
Let w = 8922 - 8817. What is the greatest common factor of 3605 and w?
35
Suppose -7*w = -2*w - 15. Suppose -w*z + 0*z = -216. Suppose -11*d = 2*d - 117. Calculate the greatest common factor of z and d.
9
Let c be (-65 - -5)/(-10 + -4)*5264/2. What is the greatest common divisor of c and 240?
240
Suppose -803 = d + 5*n - 1991, 3*d = -3*n + 3540. Let k(r) = -20*r**2 - 405*r - 38. Let a be k(-20). What is the highest common factor of d and a?
62
Let n be 6/3*(-21)/(-6). Let i be ((-31)/2 - 2)/(n/(-28)). Let s = -35 + i. What is the greatest common factor of 5 and s?
5
Let i(m) = m**3 - 4*m**2 + 4*m - 15. Let j be i(3). Let n be (12/10)/((j/(-100))/3). Calculate the greatest common factor of 150 and n.
30
Let w(l) = -5*l + 132. Let t be w(15). Let s = t - 55. Let r = -22 - -40. Calculate the highest common factor of r and s.
2
Suppose -k = -0*k + 2*n + 31, -88 = 4*k - 4*n. Let l = 52 + k. Suppose -1134 = -6312*o + 6306*o. What is the highest common factor of l and o?
27
Suppose -3*l + 3982 = 19*l. Let z = l - 66. Let r(g) = g**2 + 2*g - 2. Let j be r(6). Calculate the greatest common divisor of j and z.
23
Let a(h) = 28*h**2 + 13*h - 30. Let l be a(3). Calculate the greatest common divisor of 116 and l.
29
Suppose -3*k + k + 6 = 0. Let x be 20 - (3 + k*(-5)/15). What is the highest common factor of 9 and x?
9
Let w be 2/(-12) - 2/(-84) - 580675/(-175). Calculate the greatest common factor of w and 30.
6
Let t = 28652 - 28097. What is the highest common divisor of t and 10989?
111
Let o = -321 - -302. Let q be o/(4/80*-4). What is the greatest common divisor of q and 20?
5
Let i(c) = 5*c + 93. Suppose a - 3*d + 8 = 0, a + 4*d + 6 = -23. Let x be i(a). What is the highest common factor of x and 192?
8
Let q be -3 - (18 - (128 + -21)). What is the greatest common divisor of 16 and q?
2
Let h(n) = 21*n - 19. Let a(v) = -v - 1. Let z = -7 - -5. Let c(k) = z*a(k) - h(k). Let q be c(-6). Calculate the highest common divisor of q and 15.
15
Let q(y) = -y**3 + 20*y**2 + 10. Let k be q(20). Suppose -3*p + k = d + 2*p, -5*d + 122 = p. What is the highest common factor of d and 225?
25
Let u be (-1*(2 + 0))/(1/(-104)). Let l = u - 196. What is the greatest common factor of 4 and l?
4
Let q = -387 - -397. Let z be (220/(-8)*(-16)/q)/1. Let j(k) = 5*k**2 - 7*k - 6. Let a be j(6). What is the highest common divisor of z and a?
44
Let n(h) = 50*h - 643. Let a be n(43). What is the greatest common divisor of 11 and a?
11
Let y be -7 - (-7 - 4) - (-5 - 63). What is the highest common factor of 1251 and y?
9
Suppose 3*i - 72 = -3*n, i - 50 = 3*n - 18. What is the highest common divisor of 9386 and i?
26
Let v(y) = 89*y**2 - 52*y - 552. Let r be v(21). What is the highest common factor of 15 and r?
15
Suppose -13 = -13*d + 26. Suppose 2*x + 4*g - 9 + 45 = 0, 0 = -x + d*g - 23. Let z = 8 - x. What is the highest common divisor of 196 and z?
28
Let h be 2*6/(-9)*-3. Let q be (1 - -9 - 10) + 3/1. Suppose -q*i + 100 = h. Calculate the greatest common divisor of 8 and i.
8
Let a(i) = 17*i**2 - 29*i - 1. Let l be a(2). Let v be (-20 + (-2 - l))*1*-3. Calculate the greatest common factor of 124 and v.
31
Let v be 47/141*(0 + 543). Suppose 4*m - 172 = 4*f, 4*m + f + v = 8*m. Calculate the greatest common factor of 4 and m.
2
Let z(s) = -s**3 - 5*s**2 - 2*s + 13. Let c be z(-4). Suppose -3*y - 92 = -2*x, -66 = -5*x + c*y + 169. Calculate the greatest common divisor of x and 7.
7
Let t = 255 - -37. Let j = -252 + t. Calculate the highest common factor of 16 and j.
8
Suppose 5*z = 2*w - 1076, -z + 5 = 9. What is the greatest common divisor of w and 42?
6
Let t be -91*11/(-77) + 1*-2. Suppose t*z - 326 - 70 = 0. What is the highest common factor of 27 and z?
9
Suppose 4*n = -103*c + 104*c - 38, -2*c = -n - 76. Calculate the highest common factor of c and 22819.
19
Suppose 5*l - 5*m = -6*m + 366, -4*m = 2*l - 150. Suppose -4*p = 16, -p = -i + p + 73. Let d = l - i. Calculate the greatest common divisor of 64 and d.
8
Let x be -23 - (-10 - 192/12). Let m be (-388)/(-3) - (-2)/(-6). Calculate the highest common divisor of x and m.
3
Suppose 4*r = -16, -19*r - 3316 = -12*g - 15*r. What is the highest common divisor of g and 209?
11
Let m = -15 + -8. Let k = 123 + m. Suppose -208*p = -219*p + 220. Calculate the greatest common divisor of p and k.
20
Let r(w) = w**3 - 10*w**2 - 112*w + 53. Let d be r(17). What is the greatest common divisor of 1161 and d?
43
Let v be (-166)/(((-378)/70 - -5)/((-29)/(-5))). Calculate the greatest common factor of 1494 and v.
83
Let a = 53 - 47. Let f = 6 - a. Suppose f = -6*v - 132 + 1590. Calculate the highest common divisor of 27 and v.
27
Let g be (-24725)/(-161) + (-4)/7. Let a = 1 - -2. Suppose 2*v = a*t + 69, 2*t + g = 4*v - t. What is the highest common divisor of 21 and v?
21
Let d(r) = 132*r + 5494. Let k be d(-41). What is the highest common divisor of 86 and k?
2
Let b(p) = p**3 - 5*p**2 + 446*p - 2227. Let k be b(5). What is the highest common factor of 17133 and k?
3
Suppose -2032 = 36*w - 5776. Calculate the greatest common divisor of w and 26.
26
Let k(m) = 864*m + 4462. Let a be k(24). What is the greatest common divisor of 86 and a?
86
Let r(k) = -2*k - 7. Let x be r(-5). Suppose o = -3*o - 20, x*q - 4*o = 479. Let p(t) = 10*t - 23. Let g be p(4). What is the highest common divisor of g and q?
17
Let k(c) be the second derivative of -7*c**3/6 + 117*c**2/2 + 112*c. Let b be k(11). What is the greatest common factor of 200 and b?
40
Let b(l) = -l**3 + 8*l**2 + l + 9. Let a be b(8). Suppose c + 3*z + 4 = -7, 4*c - z = 8. What is the greatest common factor of c and a?
1
Let h be 125274/378*7 + 1/9. Calculate the greatest common factor of 560 and h.
80
Suppose 3627 = 67*h - 929. Let s = -120 - -205. Calculate the greatest common divisor of s and h.
17
Let v = 291815 + -291806. Let l be 0 - -2 - (-12 + -1). Calculate the highest common divisor of l and v.
3
Suppose 2*m - 14*m + 2931 = 711. Calculate the greatest common divisor of m and 296.
37
Suppose 2*v - 3*c = -135 + 383, -4*c + 16 = 0. Suppose -8*z + 98 + 222 = 0. Calculate the greatest common divisor of v and z.
10
Let i = -39966 + 40042. Calculate the highest common factor of 9956 and i.
76
Let p be (-250)/(-5) + -2 + 12/3. Let h be 288/(-80)*195/(-6). What is the highest common divisor of h and p?
13
Suppose 0 = 506*f - 498*f - 256. Suppose 49 - 169 = 4*j. Let p = f + j. What is the highest common factor of 4 and p?
2
Suppose 30*x = 28*x - 482. Let k = -235 - x. Calculate the greatest common divisor of k and 6.
6
Suppose 4458 = 16*l + 1194. Let q = 208 - l. What is the highest common factor of 188 and q?
4
Let w(j) = 2*j**2 + 173*j + 728. Let r be w(-4). What is the highest common factor of r and 5?
1
Let i = 17858 - 8453. What is the highest common divisor of 66 and i?
33
Let l(n) = 902*n - 1243. Let x be l(8). What is the highest common factor of 33 and x?
33
Let o = -15 - -57. Let p(n) = n**3 + 3*n**2 - 53 - 2*n**3 + 15*n**2 - 12*n - 20. Let d be p(17). Calculate the greatest common factor of d and o.
6
Let a = -2144 + 4184. What is the highest common divisor of a and 120?
120
Let b be ((-756)/(-45))/(-14) - (3408/(-15) + 3). Calculate the greatest common factor of b and 1561.
223
Let y be (-350)/(-6) - (-2)/(-6). Let b(m) = 36*m - 71. Suppose -6*x + 45 = 9. Let k be b(x). What is the highest common factor of k and y?
29
Let b be (0/(-4))/(-2)*1/(-1). Suppose -8*f - 5*f + 91 = b. Suppose 5*y + 16 = f*y. Calculate the highest common divisor of y and 4.
4
Suppose -5*l - 476 = -1